{"id":3806,"date":"2016-02-05T04:55:35","date_gmt":"2016-02-05T07:55:35","guid":{"rendered":"http:\/\/motors-demo.loc\/dealer_two\/?page_id=12"},"modified":"2025-04-10T10:32:04","modified_gmt":"2025-04-10T13:32:04","slug":"inicio-2","status":"publish","type":"page","link":"https:\/\/carlosruzzo.com.ar\/site\/","title":{"rendered":"Inicio"},"content":{"rendered":"<p>[vc_row full_width=\u00bbstretch_row_content_no_spaces\u00bb][vc_column el_class=\u00bbstm-banner-fullwidth\u00bb]<link href=\"https:\/\/fonts.googleapis.com\/css?family=Montserrat:900%7CRubik:300\" rel=\"stylesheet\" property=\"stylesheet\" type=\"text\/css\" media=\"all\">\n<div id=\"rev_slider_1_1_wrapper\" class=\"rev_slider_wrapper fullwidthbanner-container\" data-source=\"gallery\" style=\"margin:0px auto;background:transparent;padding:0px;margin-top:0px;margin-bottom:0px;\">\n<!-- START REVOLUTION SLIDER 5.4.8.3 fullwidth mode -->\n\t<div id=\"rev_slider_1_1\" class=\"rev_slider fullwidthabanner\" style=\"display:none;\" data-version=\"5.4.8.3\">\n<ul>\t<!-- SLIDE  -->\n\t<li data-index=\"rs-1\" data-transition=\"fade\" data-slotamount=\"default\" data-hideafterloop=\"0\" data-hideslideonmobile=\"off\"  data-easein=\"default\" data-easeout=\"default\" data-masterspeed=\"300\"  data-thumb=\"https:\/\/carlosruzzo.com.ar\/site\/wp-content\/uploads\/2024\/05\/seguridad-desk-100x50.webp\"  data-rotate=\"0\"  data-saveperformance=\"off\"  data-title=\"Slide\" data-param1=\"\" data-param2=\"\" data-param3=\"\" data-param4=\"\" data-param5=\"\" data-param6=\"\" data-param7=\"\" data-param8=\"\" data-param9=\"\" data-param10=\"\" data-description=\"\">\n\t\t<!-- MAIN IMAGE -->\n\t\t<img loading=\"lazy\" decoding=\"async\" src=\"https:\/\/carlosruzzo.com.ar\/site\/wp-content\/uploads\/2024\/05\/seguridad-desk.webp\"  alt=\"\" title=\"seguridad-desk\"  width=\"1613\" height=\"645\" data-bgposition=\"center center\" data-bgfit=\"cover\" data-bgrepeat=\"no-repeat\" class=\"rev-slidebg\" data-no-retina>\n\t\t<!-- LAYERS -->\n\n\t\t<!-- LAYER NR. 1 -->\n\t\t<div class=\"tp-caption  \" \n\t\t\t id=\"slide-1-layer-15\" \n\t\t\t data-x=\"['left','left','left','center']\" data-hoffset=\"['50','86','36','0']\" \n\t\t\t data-y=\"['top','top','top','middle']\" data-voffset=\"['87','63','53','-93']\" \n\t\t\t\t\t\tdata-fontsize=\"['75','75','60','40']\"\n\t\t\tdata-lineheight=\"['80','80','65','45']\"\n\t\t\tdata-width=\"none\"\n\t\t\tdata-height=\"none\"\n\t\t\tdata-whitespace=\"nowrap\"\n \n\t\t\tdata-type=\"text\" \n\t\t\tdata-responsive_offset=\"on\" \n\n\t\t\tdata-frames='[{\"delay\":240,\"speed\":1500,\"frame\":\"0\",\"from\":\"x:[-100%];z:0;rX:0deg;rY:0;rZ:0;sX:1;sY:1;skX:0;skY:0;\",\"mask\":\"x:0px;y:0px;s:inherit;e:inherit;\",\"to\":\"o:1;\",\"ease\":\"Power3.easeInOut\"},{\"delay\":\"wait\",\"speed\":300,\"frame\":\"999\",\"to\":\"opacity:0;\",\"ease\":\"Power3.easeInOut\"}]'\n\t\t\tdata-textAlign=\"['left','inherit','inherit','center']\"\n\t\t\tdata-paddingtop=\"[0,0,0,0]\"\n\t\t\tdata-paddingright=\"[0,0,0,0]\"\n\t\t\tdata-paddingbottom=\"[0,0,0,0]\"\n\t\t\tdata-paddingleft=\"[0,0,0,0]\"\n\n\t\t\tstyle=\"z-index: 5; white-space: nowrap; font-size: 75px; line-height: 80px; font-weight: 900; color: #ffffff; letter-spacing: 0px;font-family:Montserrat;\">ENCONTR\u00c1 TU<br>\nPR\u00d3XIMO VEH\u00cdCULO <\/div>\n\n\t\t<!-- LAYER NR. 2 -->\n\t\t<div class=\"tp-caption  \" \n\t\t\t id=\"slide-1-layer-17\" \n\t\t\t data-x=\"['left','left','left','center']\" data-hoffset=\"['47','86','37','-2']\" \n\t\t\t data-y=\"['middle','middle','middle','middle']\" data-voffset=\"['56','41','33','-8']\" \n\t\t\t\t\t\tdata-fontsize=\"['20','20','18','15']\"\n\t\t\tdata-lineheight=\"['30','30','28','22']\"\n\t\t\tdata-color=\"['rgb(255,255,255)','rgb(196,202,213)','rgb(196,202,213)','rgb(196,202,213)']\"\n\t\t\tdata-width=\"none\"\n\t\t\tdata-height=\"none\"\n\t\t\tdata-whitespace=\"nowrap\"\n \n\t\t\tdata-type=\"text\" \n\t\t\tdata-responsive_offset=\"on\" \n\n\t\t\tdata-frames='[{\"delay\":950,\"speed\":1500,\"frame\":\"0\",\"from\":\"x:[-100%];z:0;rX:0deg;rY:0;rZ:0;sX:1;sY:1;skX:0;skY:0;\",\"mask\":\"x:0px;y:0px;s:inherit;e:inherit;\",\"to\":\"o:1;\",\"ease\":\"Power3.easeInOut\"},{\"delay\":\"wait\",\"speed\":300,\"frame\":\"999\",\"to\":\"opacity:0;\",\"ease\":\"Power3.easeInOut\"}]'\n\t\t\tdata-textAlign=\"['inherit','inherit','inherit','center']\"\n\t\t\tdata-paddingtop=\"[0,0,0,0]\"\n\t\t\tdata-paddingright=\"[0,0,0,0]\"\n\t\t\tdata-paddingbottom=\"[0,0,0,0]\"\n\t\t\tdata-paddingleft=\"[0,0,0,0]\"\n\n\t\t\tstyle=\"z-index: 6; white-space: nowrap; font-size: 20px; line-height: 30px; font-weight: 300; color: #ffffff; letter-spacing: 0px;font-family:Rubik;\">Contamos con veh\u00edculos de todos los segmentos,<br>con un riguroso control t\u00e9cnico y toda la papeler\u00eda<br>y controles al d\u00eda. <\/div>\n\t<\/li>\n\t<!-- SLIDE  -->\n\t<li data-index=\"rs-2\" data-transition=\"fade\" data-slotamount=\"default\" data-hideafterloop=\"0\" data-hideslideonmobile=\"off\"  data-easein=\"default\" data-easeout=\"default\" data-masterspeed=\"300\"  data-thumb=\"https:\/\/carlosruzzo.com.ar\/site\/wp-content\/uploads\/2024\/05\/externa-cruze-rs-34frente-100x50.webp\"  data-rotate=\"0\"  data-saveperformance=\"off\"  data-title=\"Slide\" data-param1=\"\" data-param2=\"\" data-param3=\"\" data-param4=\"\" data-param5=\"\" data-param6=\"\" data-param7=\"\" data-param8=\"\" data-param9=\"\" data-param10=\"\" data-description=\"\">\n\t\t<!-- MAIN IMAGE -->\n\t\t<img loading=\"lazy\" decoding=\"async\" src=\"https:\/\/carlosruzzo.com.ar\/site\/wp-content\/uploads\/2024\/05\/externa-cruze-rs-34frente.webp\"  alt=\"\" title=\"externa-cruze-rs-34frente\"  width=\"1268\" height=\"634\" data-bgposition=\"center center\" data-bgfit=\"cover\" data-bgrepeat=\"no-repeat\" class=\"rev-slidebg\" data-no-retina>\n\t\t<!-- LAYERS -->\n\n\t\t<!-- LAYER NR. 3 -->\n\t\t<div class=\"tp-caption  \" \n\t\t\t id=\"slide-2-layer-15\" \n\t\t\t data-x=\"['left','left','left','center']\" data-hoffset=\"['50','86','36','0']\" \n\t\t\t data-y=\"['top','top','top','middle']\" data-voffset=\"['87','63','53','-93']\" \n\t\t\t\t\t\tdata-fontsize=\"['75','75','60','40']\"\n\t\t\tdata-lineheight=\"['80','80','65','45']\"\n\t\t\tdata-width=\"none\"\n\t\t\tdata-height=\"none\"\n\t\t\tdata-whitespace=\"nowrap\"\n \n\t\t\tdata-type=\"text\" \n\t\t\tdata-responsive_offset=\"on\" \n\n\t\t\tdata-frames='[{\"delay\":240,\"speed\":1500,\"frame\":\"0\",\"from\":\"x:[-100%];z:0;rX:0deg;rY:0;rZ:0;sX:1;sY:1;skX:0;skY:0;\",\"mask\":\"x:0px;y:0px;s:inherit;e:inherit;\",\"to\":\"o:1;\",\"ease\":\"Power3.easeInOut\"},{\"delay\":\"wait\",\"speed\":300,\"frame\":\"999\",\"to\":\"opacity:0;\",\"ease\":\"Power3.easeInOut\"}]'\n\t\t\tdata-textAlign=\"['left','inherit','inherit','center']\"\n\t\t\tdata-paddingtop=\"[0,0,0,0]\"\n\t\t\tdata-paddingright=\"[0,0,0,0]\"\n\t\t\tdata-paddingbottom=\"[0,0,0,0]\"\n\t\t\tdata-paddingleft=\"[0,0,0,0]\"\n\n\t\t\tstyle=\"z-index: 5; white-space: nowrap; font-size: 75px; line-height: 80px; font-weight: 900; color: #ffffff; letter-spacing: 0px;font-family:Montserrat;\">PERMUTAS &<br>\n\t\nFINANCIACI\u00d3N <\/div>\n\n\t\t<!-- LAYER NR. 4 -->\n\t\t<div class=\"tp-caption  \" \n\t\t\t id=\"slide-2-layer-17\" \n\t\t\t data-x=\"['left','left','left','center']\" data-hoffset=\"['47','86','37','-2']\" \n\t\t\t data-y=\"['middle','middle','middle','middle']\" data-voffset=\"['56','41','33','-8']\" \n\t\t\t\t\t\tdata-fontsize=\"['20','20','18','15']\"\n\t\t\tdata-lineheight=\"['30','30','28','22']\"\n\t\t\tdata-color=\"['rgb(255,255,255)','rgb(196,202,213)','rgb(196,202,213)','rgb(196,202,213)']\"\n\t\t\tdata-width=\"none\"\n\t\t\tdata-height=\"none\"\n\t\t\tdata-whitespace=\"nowrap\"\n \n\t\t\tdata-type=\"text\" \n\t\t\tdata-responsive_offset=\"on\" \n\n\t\t\tdata-frames='[{\"delay\":950,\"speed\":1500,\"frame\":\"0\",\"from\":\"x:[-100%];z:0;rX:0deg;rY:0;rZ:0;sX:1;sY:1;skX:0;skY:0;\",\"mask\":\"x:0px;y:0px;s:inherit;e:inherit;\",\"to\":\"o:1;\",\"ease\":\"Power3.easeInOut\"},{\"delay\":\"wait\",\"speed\":300,\"frame\":\"999\",\"to\":\"opacity:0;\",\"ease\":\"Power3.easeInOut\"}]'\n\t\t\tdata-textAlign=\"['inherit','inherit','inherit','center']\"\n\t\t\tdata-paddingtop=\"[0,0,0,0]\"\n\t\t\tdata-paddingright=\"[0,0,0,0]\"\n\t\t\tdata-paddingbottom=\"[0,0,0,0]\"\n\t\t\tdata-paddingleft=\"[0,0,0,0]\"\n\n\t\t\tstyle=\"z-index: 6; white-space: nowrap; font-size: 20px; line-height: 30px; font-weight: 300; color: #ffffff; letter-spacing: 0px;font-family:Rubik;\">Todos nuestros usados se someten a peritaje<br>mec\u00e1nico y cuentan con toda la documentaci\u00f3n<br>comprobada y lista para transferir. <\/div>\n\t<\/li>\n\t<!-- SLIDE  -->\n\t<li data-index=\"rs-3\" data-transition=\"fade\" data-slotamount=\"default\" data-hideafterloop=\"0\" data-hideslideonmobile=\"off\"  data-easein=\"default\" data-easeout=\"default\" data-masterspeed=\"300\"  data-thumb=\"https:\/\/carlosruzzo.com.ar\/site\/wp-content\/uploads\/2021\/07\/slide-03-100x50.jpg\"  data-rotate=\"0\"  data-saveperformance=\"off\"  data-title=\"Slide\" data-param1=\"\" data-param2=\"\" data-param3=\"\" data-param4=\"\" data-param5=\"\" data-param6=\"\" data-param7=\"\" data-param8=\"\" data-param9=\"\" data-param10=\"\" data-description=\"\">\n\t\t<!-- MAIN IMAGE -->\n\t\t<img loading=\"lazy\" decoding=\"async\" src=\"https:\/\/carlosruzzo.com.ar\/site\/wp-content\/uploads\/2021\/07\/slide-03.jpg\"  alt=\"\" title=\"slide-03\"  width=\"1500\" height=\"500\" data-bgposition=\"center center\" data-bgfit=\"cover\" data-bgrepeat=\"no-repeat\" class=\"rev-slidebg\" data-no-retina>\n\t\t<!-- LAYERS -->\n\n\t\t<!-- LAYER NR. 5 -->\n\t\t<div class=\"tp-caption  \" \n\t\t\t id=\"slide-3-layer-15\" \n\t\t\t data-x=\"['left','left','left','center']\" data-hoffset=\"['50','86','36','0']\" \n\t\t\t data-y=\"['top','top','top','middle']\" data-voffset=\"['87','63','53','-93']\" \n\t\t\t\t\t\tdata-fontsize=\"['75','75','60','40']\"\n\t\t\tdata-lineheight=\"['80','80','65','45']\"\n\t\t\tdata-width=\"none\"\n\t\t\tdata-height=\"none\"\n\t\t\tdata-whitespace=\"nowrap\"\n \n\t\t\tdata-type=\"text\" \n\t\t\tdata-responsive_offset=\"on\" \n\n\t\t\tdata-frames='[{\"delay\":240,\"speed\":1500,\"frame\":\"0\",\"from\":\"x:[-100%];z:0;rX:0deg;rY:0;rZ:0;sX:1;sY:1;skX:0;skY:0;\",\"mask\":\"x:0px;y:0px;s:inherit;e:inherit;\",\"to\":\"o:1;\",\"ease\":\"Power3.easeInOut\"},{\"delay\":\"wait\",\"speed\":300,\"frame\":\"999\",\"to\":\"opacity:0;\",\"ease\":\"Power3.easeInOut\"}]'\n\t\t\tdata-textAlign=\"['left','inherit','inherit','center']\"\n\t\t\tdata-paddingtop=\"[0,0,0,0]\"\n\t\t\tdata-paddingright=\"[0,0,0,0]\"\n\t\t\tdata-paddingbottom=\"[0,0,0,0]\"\n\t\t\tdata-paddingleft=\"[0,0,0,0]\"\n\n\t\t\tstyle=\"z-index: 5; white-space: nowrap; font-size: 75px; line-height: 80px; font-weight: 900; color: #ffffff; letter-spacing: 0px;font-family:Montserrat;\">REPARACI\u00d3N &<br>\nMANTENIMIENTO <\/div>\n\n\t\t<!-- LAYER NR. 6 -->\n\t\t<div class=\"tp-caption  \" \n\t\t\t id=\"slide-3-layer-17\" \n\t\t\t data-x=\"['left','left','left','center']\" data-hoffset=\"['47','86','37','-2']\" \n\t\t\t data-y=\"['middle','middle','middle','middle']\" data-voffset=\"['56','41','33','-8']\" \n\t\t\t\t\t\tdata-fontsize=\"['20','20','18','15']\"\n\t\t\tdata-lineheight=\"['30','30','28','22']\"\n\t\t\tdata-color=\"['rgb(255,255,255)','rgb(196,202,213)','rgb(196,202,213)','rgb(196,202,213)']\"\n\t\t\tdata-width=\"none\"\n\t\t\tdata-height=\"none\"\n\t\t\tdata-whitespace=\"nowrap\"\n \n\t\t\tdata-type=\"text\" \n\t\t\tdata-responsive_offset=\"on\" \n\n\t\t\tdata-frames='[{\"delay\":950,\"speed\":1500,\"frame\":\"0\",\"from\":\"x:[-100%];z:0;rX:0deg;rY:0;rZ:0;sX:1;sY:1;skX:0;skY:0;\",\"mask\":\"x:0px;y:0px;s:inherit;e:inherit;\",\"to\":\"o:1;\",\"ease\":\"Power3.easeInOut\"},{\"delay\":\"wait\",\"speed\":300,\"frame\":\"999\",\"to\":\"opacity:0;\",\"ease\":\"Power3.easeInOut\"}]'\n\t\t\tdata-textAlign=\"['inherit','inherit','inherit','center']\"\n\t\t\tdata-paddingtop=\"[0,0,0,0]\"\n\t\t\tdata-paddingright=\"[0,0,0,0]\"\n\t\t\tdata-paddingbottom=\"[0,0,0,0]\"\n\t\t\tdata-paddingleft=\"[0,0,0,0]\"\n\n\t\t\tstyle=\"z-index: 6; white-space: nowrap; font-size: 20px; line-height: 30px; font-weight: 300; color: #ffffff; letter-spacing: 0px;font-family:Rubik;\">Con m\u00e1s de 25 a\u00f1os de experiencia, Carlos Ruzzo Automotores <br>ofrece a sus clientes toda la garant\u00eda del mejor servicio en <br>reparaci\u00f3n y mantenimiento del autom\u00f3vil. <\/div>\n\t<\/li>\n<\/ul>\n<script>var htmlDiv = document.getElementById(\"rs-plugin-settings-inline-css\"); var htmlDivCss=\"\";\n\t\t\t\t\t\tif(htmlDiv) {\n\t\t\t\t\t\t\thtmlDiv.innerHTML = htmlDiv.innerHTML + htmlDivCss;\n\t\t\t\t\t\t}else{\n\t\t\t\t\t\t\tvar htmlDiv = document.createElement(\"div\");\n\t\t\t\t\t\t\thtmlDiv.innerHTML = \"<style>\" + htmlDivCss + \"<\/style>\";\n\t\t\t\t\t\t\tdocument.getElementsByTagName(\"head\")[0].appendChild(htmlDiv.childNodes[0]);\n\t\t\t\t\t\t}\n\t\t\t\t\t<\/script>\n<div class=\"tp-bannertimer tp-bottom\" style=\"visibility: hidden !important;\"><\/div>\t<\/div>\n<script>var htmlDiv = document.getElementById(\"rs-plugin-settings-inline-css\"); var htmlDivCss=\"\";\n\t\t\t\tif(htmlDiv) {\n\t\t\t\t\thtmlDiv.innerHTML = htmlDiv.innerHTML + htmlDivCss;\n\t\t\t\t}else{\n\t\t\t\t\tvar htmlDiv = document.createElement(\"div\");\n\t\t\t\t\thtmlDiv.innerHTML = \"<style>\" + htmlDivCss + \"<\/style>\";\n\t\t\t\t\tdocument.getElementsByTagName(\"head\")[0].appendChild(htmlDiv.childNodes[0]);\n\t\t\t\t}\n\t\t\t<\/script>\n\t\t<script type=\"text\/javascript\">\nif (setREVStartSize!==undefined) setREVStartSize(\n\t{c: '#rev_slider_1_1', responsiveLevels: [1240,1024,778,480], gridwidth: [1240,1024,778,480], gridheight: [500,475,400,300], sliderLayout: 'fullwidth'});\n\t\t\t\nvar revapi1,\n\ttpj;\t\n(function() {\t\t\t\n\tif (!\/loaded|interactive|complete\/.test(document.readyState)) document.addEventListener(\"DOMContentLoaded\",onLoad); else onLoad();\t\n\tfunction onLoad() {\t\t\t\t\n\t\tif (tpj===undefined) { tpj = jQuery; if(\"off\" == \"on\") tpj.noConflict();}\n\tif(tpj(\"#rev_slider_1_1\").revolution == undefined){\n\t\trevslider_showDoubleJqueryError(\"#rev_slider_1_1\");\n\t}else{\n\t\trevapi1 = tpj(\"#rev_slider_1_1\").show().revolution({\n\t\t\tsliderType:\"standard\",\n\t\t\tjsFileLocation:\"\/\/carlosruzzo.com.ar\/site\/wp-content\/plugins\/revslider\/public\/assets\/js\/\",\n\t\t\tsliderLayout:\"fullwidth\",\n\t\t\tdottedOverlay:\"twoxtwo\",\n\t\t\tdelay:9000,\n\t\t\tnavigation: {\n\t\t\t\tkeyboardNavigation:\"off\",\n\t\t\t\tkeyboard_direction: \"horizontal\",\n\t\t\t\tmouseScrollNavigation:\"off\",\n \t\t\t\t\t\t\tmouseScrollReverse:\"default\",\n\t\t\t\tonHoverStop:\"off\",\n\t\t\t\ttouch:{\n\t\t\t\t\ttouchenabled:\"on\",\n\t\t\t\t\ttouchOnDesktop:\"off\",\n\t\t\t\t\tswipe_threshold: 75,\n\t\t\t\t\tswipe_min_touches: 1,\n\t\t\t\t\tswipe_direction: \"horizontal\",\n\t\t\t\t\tdrag_block_vertical: false\n\t\t\t\t}\n\t\t\t\t,\n\t\t\t\tarrows: {\n\t\t\t\t\tstyle:\"hades\",\n\t\t\t\t\tenable:true,\n\t\t\t\t\thide_onmobile:true,\n\t\t\t\t\thide_under:768,\n\t\t\t\t\thide_onleave:true,\n\t\t\t\t\thide_delay:200,\n\t\t\t\t\thide_delay_mobile:1200,\n\t\t\t\t\ttmp:'<div class=\"tp-arr-allwrapper\">\t<div class=\"tp-arr-imgholder\"><\/div><\/div>',\n\t\t\t\t\tleft: {\n\t\t\t\t\t\th_align:\"left\",\n\t\t\t\t\t\tv_align:\"center\",\n\t\t\t\t\t\th_offset:20,\n\t\t\t\t\t\tv_offset:0\n\t\t\t\t\t},\n\t\t\t\t\tright: {\n\t\t\t\t\t\th_align:\"right\",\n\t\t\t\t\t\tv_align:\"center\",\n\t\t\t\t\t\th_offset:20,\n\t\t\t\t\t\tv_offset:0\n\t\t\t\t\t}\n\t\t\t\t}\n\t\t\t},\n\t\t\tresponsiveLevels:[1240,1024,778,480],\n\t\t\tvisibilityLevels:[1240,1024,778,480],\n\t\t\tgridwidth:[1240,1024,778,480],\n\t\t\tgridheight:[500,475,400,300],\n\t\t\tlazyType:\"none\",\n\t\t\tshadow:0,\n\t\t\tspinner:\"spinner0\",\n\t\t\tstopLoop:\"off\",\n\t\t\tstopAfterLoops:-1,\n\t\t\tstopAtSlide:-1,\n\t\t\tshuffle:\"off\",\n\t\t\tautoHeight:\"off\",\n\t\t\tdisableProgressBar:\"on\",\n\t\t\thideThumbsOnMobile:\"off\",\n\t\t\thideSliderAtLimit:0,\n\t\t\thideCaptionAtLimit:0,\n\t\t\thideAllCaptionAtLilmit:0,\n\t\t\tdebugMode:false,\n\t\t\tfallbacks: {\n\t\t\t\tsimplifyAll:\"off\",\n\t\t\t\tnextSlideOnWindowFocus:\"off\",\n\t\t\t\tdisableFocusListener:false,\n\t\t\t}\n\t\t});\n\t}; \/* END OF revapi call *\/\n\t\n }; \/* END OF ON LOAD FUNCTION *\/\n}()); \/* END OF WRAPPING FUNCTION *\/\n<\/script>\n\t\t<script>\n\t\t\t\t\tvar htmlDivCss = unescape(\".hades.tparrows%20%7B%0A%09cursor%3Apointer%3B%0A%09background%3Argba%280%2C0%2C0%2C0.25%29%3B%0A%09width%3A100px%3B%0A%09height%3A100px%3B%0A%09position%3Aabsolute%3B%0A%09display%3Ablock%3B%0A%09z-index%3A100%3B%0A%7D%0A%0A.hades.tparrows%3Abefore%20%7B%0A%09font-family%3A%20%22revicons%22%3B%0A%09font-size%3A30px%3B%0A%09color%3Argba%28255%2C%20255%2C%20255%2C%201%29%3B%0A%09display%3Ablock%3B%0A%09line-height%3A%20100px%3B%0A%09text-align%3A%20center%3B%0A%20%20transition%3A%20background%200.3s%2C%20color%200.3s%3B%0A%7D%0A.hades.tparrows.tp-leftarrow%3Abefore%20%7B%0A%09content%3A%20%22%5Ce824%22%3B%0A%7D%0A.hades.tparrows.tp-rightarrow%3Abefore%20%7B%0A%09content%3A%20%22%5Ce825%22%3B%0A%7D%0A%0A.hades.tparrows%3Ahover%3Abefore%20%7B%0A%20%20%20color%3Argba%280%2C0%2C0%2C0.5%29%3B%0A%20%20%20background%3Argba%28255%2C%20255%2C%20255%2C%201%29%3B%0A%20%7D%0A.hades%20.tp-arr-allwrapper%20%7B%0A%20%20position%3Aabsolute%3B%0A%20%20left%3A100%25%3B%0A%20%20top%3A0px%3B%0A%20%20background%3A%23888%3B%20%0A%20%20width%3A100px%3Bheight%3A100px%3B%0A%20%20-webkit-transition%3A%20all%200.3s%3B%0A%20%20transition%3A%20all%200.3s%3B%0A%20%20-ms-filter%3A%20%22progid%3Adximagetransform.microsoft.alpha%28opacity%3D0%29%22%3B%0A%20%20filter%3A%20alpha%28opacity%3D0%29%3B%0A%20%20-moz-opacity%3A%200.0%3B%0A%20%20-khtml-opacity%3A%200.0%3B%0A%20%20opacity%3A%200.0%3B%0A%20%20-webkit-transform%3A%20rotatey%28-90deg%29%3B%0A%20%20transform%3A%20rotatey%28-90deg%29%3B%0A%20%20-webkit-transform-origin%3A%200%25%2050%25%3B%0A%20%20transform-origin%3A%200%25%2050%25%3B%0A%7D%0A.hades.tp-rightarrow%20.tp-arr-allwrapper%20%7B%0A%20%20%20left%3Aauto%3B%0A%20%20%20right%3A100%25%3B%0A%20%20%20-webkit-transform-origin%3A%20100%25%2050%25%3B%0A%20%20transform-origin%3A%20100%25%2050%25%3B%0A%20%20%20-webkit-transform%3A%20rotatey%2890deg%29%3B%0A%20%20transform%3A%20rotatey%2890deg%29%3B%0A%7D%0A%0A.hades%3Ahover%20.tp-arr-allwrapper%20%7B%0A%20%20%20-ms-filter%3A%20%22progid%3Adximagetransform.microsoft.alpha%28opacity%3D100%29%22%3B%0A%20%20filter%3A%20alpha%28opacity%3D100%29%3B%0A%20%20-moz-opacity%3A%201%3B%0A%20%20-khtml-opacity%3A%201%3B%0A%20%20opacity%3A%201%3B%20%20%0A%20%20%20%20-webkit-transform%3A%20rotatey%280deg%29%3B%0A%20%20transform%3A%20rotatey%280deg%29%3B%0A%0A%20%7D%0A%20%20%20%20%0A.hades%20.tp-arr-iwrapper%20%7B%0A%7D%0A.hades%20.tp-arr-imgholder%20%7B%0A%20%20background-size%3Acover%3B%0A%20%20position%3Aabsolute%3B%0A%20%20top%3A0px%3Bleft%3A0px%3B%0A%20%20width%3A100%25%3Bheight%3A100%25%3B%0A%7D%0A.hades%20.tp-arr-titleholder%20%7B%0A%7D%0A.hades%20.tp-arr-subtitleholder%20%7B%0A%7D%0A%0A\");\n\t\t\t\t\tvar htmlDiv = document.getElementById('rs-plugin-settings-inline-css');\n\t\t\t\t\tif(htmlDiv) {\n\t\t\t\t\t\thtmlDiv.innerHTML = htmlDiv.innerHTML + htmlDivCss;\n\t\t\t\t\t}\n\t\t\t\t\telse{\n\t\t\t\t\t\tvar htmlDiv = document.createElement('div');\n\t\t\t\t\t\thtmlDiv.innerHTML = '<style>' + htmlDivCss + '<\/style>';\n\t\t\t\t\t\tdocument.getElementsByTagName('head')[0].appendChild(htmlDiv.childNodes[0]);\n\t\t\t\t\t}\n\t\t\t\t  <\/script>\n\t\t\t\t<\/div><!-- END REVOLUTION SLIDER -->[\/vc_column][\/vc_row][vc_row full_width=\u00bbstretch_row\u00bb css=\u00bb.vc_custom_1602875564583{background-color: #bdc0c1 !important;}\u00bb][vc_column css=\u00bb.vc_custom_1524029244754{margin-top: -90px !important;}\u00bb][stm_listing_search_without_tabs title=\u00bbBUSC\u00c1 TU VEH\u00cdCULO\u00bb search_button_postfix=\u00bbVEH\u00cdCULO\u00bb filter_all=\u00bbbody,make,serie,fuel,ca-year,transmission\u00bb][\/vc_column][\/vc_row][vc_row full_width=\u00bbstretch_row\u00bb css=\u00bb.vc_custom_1744291479203{padding-top: 44px !important;padding-bottom: 17px !important;}\u00bb][vc_column][stm_special_offers view_style=\u00bbstyle_2&#8243; view_type=\u00bbgrid\u00bb][stm_car_listing_tabbed top_part_bg=\u00bb\u00bb tab_affix=\u00bb\u00bb enable_ajax_loading=\u00bbtrue\u00bb per_page=\u00bb-1&#8243; taxonomy=\u00bbusado | condition, nuevo-0km | condition, \u00ab][\/stm_car_listing_tabbed][\/vc_column][\/vc_row][vc_row full_width=\u00bbstretch_row_content_no_spaces\u00bb][vc_column][\/vc_column][\/vc_row]<\/p>\n","protected":false},"excerpt":{"rendered":"<p>[vc_row full_width=\u00bbstretch_row_content_no_spaces\u00bb][vc_column el_class=\u00bbstm-banner-fullwidth\u00bb][\/vc_column][\/vc_row][vc_row full_width=\u00bbstretch_row\u00bb css=\u00bb.vc_custom_1602875564583{background-color: #bdc0c1 !important;}\u00bb][vc_column css=\u00bb.vc_custom_1524029244754{margin-top: -90px !important;}\u00bb][stm_listing_search_without_tabs title=\u00bbBUSC\u00c1 TU VEH\u00cdCULO\u00bb search_button_postfix=\u00bbVEH\u00cdCULO\u00bb filter_all=\u00bbbody,make,serie,fuel,ca-year,transmission\u00bb][\/vc_column][\/vc_row][vc_row full_width=\u00bbstretch_row\u00bb css=\u00bb.vc_custom_1744291479203{padding-top: 44px !important;padding-bottom: 17px !important;}\u00bb][vc_column][stm_special_offers view_style=\u00bbstyle_2&#8243; view_type=\u00bbgrid\u00bb][stm_car_listing_tabbed top_part_bg=\u00bb\u00bb tab_affix=\u00bb\u00bb enable_ajax_loading=\u00bbtrue\u00bb per_page=\u00bb-1&#8243; taxonomy=\u00bbusado | condition, nuevo-0km | condition, \u00ab][\/stm_car_listing_tabbed][\/vc_column][\/vc_row][vc_row full_width=\u00bbstretch_row_content_no_spaces\u00bb][vc_column][\/vc_column][\/vc_row]<\/p>\n","protected":false},"author":2,"featured_media":0,"parent":0,"menu_order":0,"comment_status":"closed","ping_status":"closed","template":"","meta":{"footnotes":""},"class_list":["post-3806","page","type-page","status-publish","hentry"],"_links":{"self":[{"href":"https:\/\/carlosruzzo.com.ar\/site\/wp-json\/wp\/v2\/pages\/3806","targetHints":{"allow":["GET"]}}],"collection":[{"href":"https:\/\/carlosruzzo.com.ar\/site\/wp-json\/wp\/v2\/pages"}],"about":[{"href":"https:\/\/carlosruzzo.com.ar\/site\/wp-json\/wp\/v2\/types\/page"}],"author":[{"embeddable":true,"href":"https:\/\/carlosruzzo.com.ar\/site\/wp-json\/wp\/v2\/users\/2"}],"replies":[{"embeddable":true,"href":"https:\/\/carlosruzzo.com.ar\/site\/wp-json\/wp\/v2\/comments?post=3806"}],"version-history":[{"count":8,"href":"https:\/\/carlosruzzo.com.ar\/site\/wp-json\/wp\/v2\/pages\/3806\/revisions"}],"predecessor-version":[{"id":6517,"href":"https:\/\/carlosruzzo.com.ar\/site\/wp-json\/wp\/v2\/pages\/3806\/revisions\/6517"}],"wp:attachment":[{"href":"https:\/\/carlosruzzo.com.ar\/site\/wp-json\/wp\/v2\/media?parent=3806"}],"curies":[{"name":"wp","href":"https:\/\/api.w.org\/{rel}","templated":true}]}}